*x**2 - 3*x + 3. What is o(-3)?
102
Let t(u) = 4*u + 14. Determine t(-8).
-18
Let y(o) = -8*o - 21. Determine y(-6).
27
Let s(o) = -6*o + 5. What is s(8)?
-43
Let n(y) = -y**2 + 8*y + 7. Determine n(4).
23
Let b(m) = -3*m + 21. Give b(7).
0
Let r(t) = -3*t**2 + 3*t. Give r(2).
-6
Let n(u) = 64*u + 447. Determine n(-7).
-1
Let i(x) = 11*x**3 - x**2 + 3*x - 2. Determine i(1).
11
Let r(n) = -4*n**2 - 9*n + 6. Give r(-7).
-127
Let l(n) = 9*n - 195. What is l(22)?
3
Let n(s) = 4*s - 3. Determine n(-10).
-43
Let d(u) = 19*u - 77. Calculate d(4).
-1
Let a(h) = h + 1. What is a(-5)?
-4
Let v(z) = -14*z - 141. Calculate v(-11).
13
Let m(t) = 2*t**2 - 22. What is m(0)?
-22
Let u(h) = 2*h**2 + 19*h - 3. Give u(-9).
-12
Let g(u) = u**2 + 11*u - 5. Determine g(-12).
7
Let c(n) = -n**3 + 2*n**2 - n - 14. Give c(0).
-14
Let t(a) = -4*a**2 - 3*a + 1. Calculate t(-3).
-26
Let x(i) = 4*i**2 + 13*i + 13. Calculate x(-4).
25
Let l(t) = -2*t - 6. Calculate l(-7).
8
Let k(m) = m**2 + 11*m + 5. Calculate k(-8).
-19
Let n(a) = a + 20. What is n(-9)?
11
Let y(k) = -2*k**2 + 15. Give y(5).
-35
Let m(o) = 6*o + 94. Determine m(-16).
-2
Let n(d) = 2*d - 19. Give n(21).
23
Let u(i) = -4*i**2 - 4*i - 6. Calculate u(-3).
-30
Let i(s) = 81*s + 2. Determine i(-1).
-79
Let z(g) = 3*g + 38. What is z(-10)?
8
Let h(l) = -l - 17. Calculate h(-18).
1
Let s(d) = 2*d**2 - 12*d - 60. Give s(9).
-6
Let d(o) = o**2 + 13*o + 13. Give d(-11).
-9
Let k(y) = -2*y - 6. What is k(-5)?
4
Let a(p) = -5*p - 34. Calculate a(-7).
1
Let p(l) = -7*l - 13. Determine p(-3).
8
Let k(f) = -f**3 - 26*f**2 - 2*f - 47. Calculate k(-26).
5
Let v(u) = 5*u + 32. Calculate v(0).
32
Let v(o) = -14*o + 215. What is v(15)?
5
Let b(f) = -f**3 + f**2 - 4*f - 4. Give b(-3).
44
Let s(x) = -3*x**3 + 2*x - 1. What is s(1)?
-2
Let x(p) = p**2 + 7*p + 11. Calculate x(-5).
1
Let a(q) = -3*q - 21. Determine a(-9).
6
Let y(f) = -f**2 + f - 2. Give y(0).
-2
Let l(y) = -y**3 + 11*y**2 - 10*y + 5. Determine l(10).
5
Let g(a) = 7*a + 69. What is g(-10)?
-1
Let i(d) = d**3 + 31*d**2 + 85*d + 27. What is i(-28)?
-1
Let r(i) = i**3 - 9*i**2 + 9*i + 1. Determine r(7).
-34
Let r(c) = 5*c**2 - 2*c - 3. Determine r(-3).
48
Let n(f) = 2*f**2 + 6*f + 9. Calculate n(-2).
5
Let v(h) = -34*h + 132. Determine v(4).
-4
Let k(v) = v**3 + 5*v**2 + 2*v - 2. Give k(-4).
6
Let o(n) = -2*n**3 - 17*n**2 + 4*n + 15. Calculate o(-9).
60
Let v(m) = 2*m**3 - 3*m**2 - 4*m + 23. Determine v(3).
38
Let p(n) = -n**3 + 10*n**2 + 11*n - 12. Calculate p(11).
-12
Let i(r) = -r**3 - 14*r**2 - 32*r + 15. Calculate i(-11).
4
Let j(g) = g**3 - 34*g**2 - g + 10. Determine j(34).
-24
Let k(o) = o**2 + 29*o - 4. What is k(-29)?
-4
Let i(m) = 3*m - 2. Calculate i(2).
4
Let f(l) = l**2 - 17*l - 15. Determine f(17).
-15
Let p(h) = -28*h**2 - 22*h - 42. Calculate p(-2).
-110
Let v(n) = n**3 - 4*n**2 + n - 4. Calculate v(3).
-10
Let p(m) = 5*m**2 + 5*m + 12. What is p(-4)?
72
Let p(w) = w**3 + 3*w**2 + 6*w + 9. Determine p(-2).
1
Let u(n) = -n**2 + 12*n - 1. Determine u(6).
35
Let y(t) = -4*t**3 - t**2 + 26*t + 50. Give y(-2).
26
Let g(s) = -s**3 + 13*s**2 - 15*s + 9. What is g(11)?
86
Let h(y) = y + 11. Calculate h(-16).
-5
Let m(k) = k - 21. Calculate m(-16).
-37
Let m(n) = n. What is m(-6)?
-6
Let d(g) = 20*g - 6. Give d(-9).
-186
Let t(g) = -2*g**2 + 12*g - 1. Calculate t(8).
-33
Let y(c) = -c**2 - 16*c + 670. What is y(19)?
5
Let t(i) = -i**2 + 4*i - 7. Determine t(7).
-28
Let o(l) = 3*l**2 - 4*l - 1. Determine o(3).
14
Let s(q) = q**2 - 28*q + 81. Determine s(25).
6
Let k(j) = -2*j**2 - 21*j + 28. What is k(-12)?
-8
Let l(a) = 3*a**2 + 4*a + 4. Calculate l(-6).
88
Let a(x) = -4*x - 55. What is a(-11)?
-11
Let x(v) = -15*v - 4. Calculate x(-4).
56
Let k(w) = w**3 - 7*w**2 + 13*w + 8. Determine k(6).
50
Let x(o) = -o**3 + 14*o**2 + 13*o + 32. What is x(15)?
2
Let g(v) = 2*v**2 - 3*v - 4. Determine g(3).
5
Let n(v) = -v**2 + v - 2. Determine n(-3).
-14
Let f(w) = -2*w**2 - 9*w + 29. What is f(-6)?
11
Let p(a) = -a**2 + 2*a - 9. Give p(0).
-9
Let n(d) = d + 9. Determine n(8).
17
Let y(q) = -q**2 - 18*q + 30. Calculate y(-20).
-10
Let w(z) = -z**2 + 3*z - 1. Calculate w(2).
1
Let z(b) = -6*b - 70. Calculate z(-13).
8
Let a(t) = t**3 - 10*t**2 + t - 14. Determine a(10).
-4
Let b(h) = h**2 + 2*h + 14. What is b(-3)?
17
Let n(k) = -k**2 - 8*k + 2. Give n(-8).
2
Let o(n) = -n - 17. What is o(-9)?
-8
Let x(m) = m + 9. Calculate x(-9).
0
Let o(g) = g**3 - 15*g**2 + 12*g + 18. What is o(14)?
-10
Let o(x) = 4*x - 16. What is o(20)?
64
Let u(j) = j**3 + 2*j**2 + 2*j - 11. Calculate u(-4).
-51
Let k(b) = b**2 - 7*b - 13. Determine k(7).
-13
Let n(d) = d**3 + 13*d**2 + 15*d + 3. What is n(-12)?
-33
Let d(u) = 2*u**2 - 77*u + 170. What is d(36)?
-10
Let h(m) = -m**2 - 60*m - 66. What is h(-59)?
-7
Let h(s) = -s**2 + 14*s - 2. Determine h(14).
-2
Let c(v) = -v**2 + 4*v - 15. Calculate c(4).
-15
Let g(j) = -8*j - 11. Give g(3).
-35
Let g(d) = -9*d**2 + d - 3. Determine g(-2).
-41
Let m(g) = g**3 + 22*g**2 + 23*g + 19. Give m(-21).
-23
Let z(o) = -o**2 - 6*o - 4. Calculate z(-6).
-4
Let c(s) = -4*s**2 - 3. Give c(-3).
-39
Let u(p) = -p**3 - 13*p**2 - 16*p + 4. Calculate u(-12).
52
Let q(o) = -43*o**3 + 2*o - 1. Calculate q(1).
-42
Let j(p) = -2*p + 2. Give j(5).
-8
Let d(j) = 7*j. Give d(-2).
-14
Let f(a) = -a**3 - 9*a**2 + 12*a + 23. What is f(-10)?
3
Let l(h) = -13*h + 1. Calculate l(-1).
14
Let b(j) = -11*j + 8. What is b(7)?
-69
Let v(i) = i**3 - 6*i**2 + 4*i + 1. Calculate v(3).
-14
Let n(u) = u**2 - 5*u + 2. What is n(-6)?
68
Let c(h) = -h**3 + 7*h**2 - 7*h + 11. What is c(4)?
31
Let h(r) = -2*r**2 + 14*r + 9. Determine h(8).
-7
Let x(k) = -k**3 - k**2 + 10*k + 7. Determine x(-5).
57
Let o(l) = -l**3 + 26*l**2 - l + 23. Determine o(26).
-3
Let j(g) = 3*g**2 - 18*g + 5. Calculate j(5).
-10
Let z(t) = t**3 + 3*t**2 - 2*t - 10. Determine z(-3).
-4
Let l(d) = -d**3 - 13*d**2 - 12*d + 4. Calculate l(-12).
4
Let c(o) = -o**2 - 2*o - 27. What is c(0)?
-27
Let g(x) = -27*x + 3. Calculate g(5).
-132
Let i(n) = -13*n - 8. What is i(-2)?
18
Let b(t) = -t**2 - 2*t - 1. Determine b(-3).
-4
Let x(t) = -10*t + 10. What is x(-7)?
80
Let j(z) = -z**3 - 3*z**2 + 16*z + 21. Give j(-5).
-9
Let n(l) = 7*l - 28. Give n(7).
21
Let q(m) = 5*m - 1. Give q(1).
4
Let w(g) = g**3 - 8*g**2 + 17. Determine w(7).
-32
Let c(f) = -3*f - 12. Calculate c(0).
-12
Let s(j) = j**3 - 12*j**2 + 10*j + 28. What is s(11)?
17
Let r(l) = -8*l - 342. Calculate r(-43).
2
Let k(c) = -31*c**3 - c**2 - c + 1. Give k(1).
-32
Let v(w) = 17*w + 1. Determine v(-1).
-16
Let t(b) = -4*b + 11. Determine t(-10).
51
Let x(g) = -3*g + 3. What is x(-3)?
12
Let l(f) = 13*f**2 - 298*f - 18. Give l(23).
5
Let i(q) = q**3 + 2*q**2 - 28*q + 10. Give i(4).
-6
Let t(w) = -11*w + 8. Give t(6).
-58
Let k(y) = -y**3 - y**2 + y - 2. Give k(2).
-12
Let u(v) = v**3 - 4*v**2 - 7*v + 24. Calculate u(2).
2
Let x(j) = -j**2 + j + 32. What is x(-6)?
-10
Let k(b) = b + 5. Give k(-12).
-7
Let i(p) = p - 50. Calculate i(48).
-2
Let l(i) = -4*i + 7. Calculate l(5).
-13
Let s(x) = -25*x + 2. Determine s(-2).
52
Let x(l) = 4*l + 46. Give x(-12).
-2
Let k(o) = -o**2 + 9*o - 25. Give k(6).
-7
Let y(j) = -j**3 - 6*j**2 - 3. Determine y(-6).
-3
Let x(c) = -c**2 + 14*c + 10. Give x(15).
-5
Let r(s) = s**3 + 8*s**2 + s + 2. Calculate r(-7).
44
Let g(h) = -13*h**3 + h**2 + h - 1. Give g(1).
-12
Let p(z) = z**2 - 3*z + 7. Calculate p(0).
7
Let f(y) = y**2 + 86*y + 755. Give f(-76).
-5
Let r(c) = 15*c - 92. What is r(6)?
-2
Let q(z) = -10*z**2 + 70*z + 2. Give q(7).
2
Let p(j) = -j**2 - 11*j - 14. Give p(-7).
14
Let q(v) = v**3 + 4*v**2 + 4*v + 1. Give q(-4).
-15
Let l(j) = 19*j - 37. Calculate l(2).
1
Let j(p) = -p**2 - 7*p + 4. What is j(-6)?
10
Let n(k) = -k**3 + 17*k**2 + 14*k + 6. Determine n(18).
-66
Let p(w) = -w**3 - 9*w**2 + 27*w + 25. Calculate p(-11).
-30
Let h(x) = -2*x**2 + 35*x - 17. Calculate h(15).
58
Let t(l) = -l + 93. Determine t(-7).
100
Let j(i) = i**3 + 3*i**2 - i - 7. Calculate j(-3).
-4
Let z(j) = -2*j**2 + 12*j - 2. Determine z(9).
-56
Let b(q) = 2*q + 14. What is b(-6)?
2
Let s(p) = p**3 - 10*p**2 + 7*p + 7. What is s(9)?
-11
Let y(z) = -z + 32. Give y(7).
25
Let o(q) = q**3 - 2*q**2 - q + 4. What is o(-3)?
-38
Let o(s) = -s**2 + 8*s + 8. 